0. Let w be 2/8 - (-398)/8. Let g = w - u. What is the units digit of g?
6
Let q(p) = p**2 - 21*p + 5. Let l(f) = f**3 - 6*f**2 + 5. Let m be l(6). Suppose 117 = m*x + 2*t, -2*x + 6*t - t = -41. What is the tens digit of q(x)?
5
Suppose 0 = -37*p - 45*p - 262657 + 1426811. What is the hundreds digit of p?
1
Let d = 6 - -51. Suppose 4*m - m + 2*k = 86, 0 = -m + 5*k + d. Suppose -2260 = -12*s + m. What is the tens digit of s?
9
Suppose -1509 = -5*u + o, -u + 6*o + 299 = 3*o. Let x be 1/((2 - 5) + u/101). Let k = -71 - x. What is the units digit of k?
0
Suppose 77 = 4*k + 5*d - 0*d, k = -4*d + 33. Suppose 50 = k*n - 132. What is the units digit of 220/n + (-5)/(280/(-16))?
6
Let q be ((-3)/(-1))/(18*(-2)/(-43440)). Suppose 22*g - 6434 - q = 0. What is the hundreds digit of g?
4
Suppose -186*r + 71552 = c - 182*r, 357691 = 5*c - 3*r. What is the units digit of c?
0
Let b(u) be the second derivative of -u**3/3 + 5*u**2/2 - 16*u. Let v be b(-1). Suppose -230 = v*j - 17*j. What is the units digit of j?
3
Let x be (20/(-6))/(10/(-15)). Suppose 0 = -5*a + 5*m + 355, 0*a + x*m = -4*a + 284. What is the tens digit of a?
7
Suppose -o + i = 3 - 1, 4*o + 24 = -4*i. Suppose -2*a + 7*a - 5 = 0. What is the units digit of a*119*(-3 - o)?
9
Let v = -37 - -46. Let k = v - -7. Let d(g) = 3*g + 31. What is the units digit of d(k)?
9
What is the hundreds digit of (-2)/(-1)*(-2)/12 + 233121/63?
7
Suppose 79*u = 18*u + 488671. What is the tens digit of u?
1
Let w = 94666 + -44076. What is the tens digit of w?
9
Let m be (120/(-42))/((-2)/7) - 3. Let q(b) = 16*b**2 - 39*b + 9. Let g be q(m). Let c = -249 + g. What is the units digit of c?
1
Let w(t) = 128*t**3 + 5*t**2 - 37*t + 61. What is the hundreds digit of w(4)?
1
What is the hundreds digit of 63478/10 - (119/35)/(-17)?
3
Let a(s) = s**3 + 2*s**2 - 3*s. Let u be a(-3). Let r(x) = -8776*x + 116 + x**3 + 8778*x - 3*x**3 + 3*x**3. What is the hundreds digit of r(u)?
1
Let c(s) = -11*s**3 - 17*s**2 - 6*s - 14. Let q = 85 - 89. What is the tens digit of c(q)?
4
Suppose 6 = -o - 69. What is the units digit of ((-2 - -65)/(-3))/(o/3400)?
2
Let b(h) = 167*h**2 + 2*h - 1. Let q(u) = -12*u - 18. Let w be q(-3). Let a = w - 17. What is the hundreds digit of b(a)?
1
Let n be 7/(21/978) + 6. Let t = 647 - n. What is the units digit of t?
5
Suppose -7*j - 10 = -52. Let q = j - -17. Let m = q + 52. What is the units digit of m?
5
Let f be 4 + ((-2)/(-3))/((-13)/1833). Let k = 319 + f. What is the hundreds digit of k?
2
Suppose -1997 = -12*j - 269. Let b = j - -10. What is the units digit of b?
4
What is the units digit of (-423894)/(-434) - (-15)/(-6)*4/(-35)?
7
Suppose -6 = -3*n, 2*g + 2*n = -0*n + 3862. What is the units digit of 6 + g/3 + -8?
1
Let t = -1670 + 2602. Let c = -560 + t. What is the tens digit of c?
7
Let y(t) = 4*t + 10. Let z be y(1). Suppose -z*s + 14 = -0*s. What is the units digit of (1/(-3) - s)/(76/(-15618))?
4
Let m(j) = -18*j**2 - 700*j - 7. What is the hundreds digit of m(-23)?
5
Suppose 0 = -5*k + o + 25415 + 38708, -2*k + 3*o = -25631. What is the units digit of k?
6
Suppose -28315970 = -9*y - 356*y. What is the units digit of y?
8
Suppose 5*w = 20, 4*d + 4*w - 34 = 22. Suppose 4*g + 6*l - d*l - 2120 = 0, 3*g - 1591 = 4*l. What is the tens digit of g?
2
Let l(t) = -65*t + 44. Suppose 6*w = 3*w - 15. What is the tens digit of l(w)?
6
What is the units digit of (72/3)/((-28)/(-4438))?
4
Let v(f) = -8144*f + 97. What is the units digit of v(-1)?
1
Let a = -3871 - -19249. What is the ten thousands digit of a?
1
What is the units digit of -681*(-54 + (-2 - -17))?
9
Suppose 3*r = 5*r - 40. Suppose 3523 = r*b - 1597. What is the hundreds digit of b?
2
Suppose 0 = -355*a + 191*a + 194*a - 138810. What is the units digit of a?
7
Let w = 6308 - 3115. What is the tens digit of w?
9
Suppose -17*z + 2902 = -6550. Let l = 1567 - z. What is the thousands digit of l?
1
Let z = -6605 - -34193. What is the units digit of z?
8
Suppose 173271 = 36*a - 110661. Suppose 6*d + 507 = a. What is the units digit of d?
0
Suppose -14*u + 70570 = -24980. What is the hundreds digit of u?
8
Suppose -3*f - 9*q + 6*q = 531, -4*f = -3*q + 715. Suppose -2*g + 864 = -5*g. Let b = f - g. What is the units digit of b?
0
Let c be -1 + (2 - (-22)/(-1)). Suppose -44*p + 41*p = -276. Let a = p - c. What is the tens digit of a?
1
Suppose -977877 - 546644 = -194*m + 1228921. What is the ten thousands digit of m?
1
Suppose 6*g + 32 = -40. What is the tens digit of 1341/27 + ((-4)/g)/1?
5
What is the units digit of 6180 + ((-1)/(-3))/(1/(-18))?
4
Let r be (-158)/(-4) - (-12)/24. Let t be (-1*r/(-15))/((-4)/(-6)). What is the tens digit of 112 + 0 + -3 - t?
0
Let i(m) = 58*m - 294. Let n be i(5). What is the thousands digit of n*(11720/(-32) + 1)?
1
Let f(h) be the first derivative of 9*h**2 - 48*h + 35. What is the tens digit of f(15)?
2
Let j(c) = -80*c**2 + 10*c - 2. Let k be j(-1). Suppose g + 0*m = -2*m - 85, 4*g = -3*m - 335. Let a = g - k. What is the units digit of a?
9
Let q = -1236 - -1736. Let s = q - 105. What is the tens digit of s?
9
Let u be ((-4)/32*2)/((-1)/12). Suppose u*p - 852 = -p. What is the tens digit of p?
1
Let s = -1209 + 7310. What is the hundreds digit of s?
1
Suppose 5*d + 2*f + 898 = 0, 17*d - 717 = 21*d + 3*f. Let j = 351 + d. What is the hundreds digit of j?
1
Suppose -3*q - 5*i = -61555, 2729*i - 2730*i = -5*q + 102517. What is the hundreds digit of q?
5
Let t(d) = 28*d - 39 + 15 + 9*d - 7*d. What is the units digit of t(2)?
6
Suppose -3*w - 2*j + 17 = -126, w - 37 = 2*j. Let x = -25 - w. What is the units digit of x/((-5)/1) + 3?
7
Suppose -69*d + 644750 = 56*d. What is the units digit of d?
8
Let t = 53 - 51. Suppose -2*n - 194 = t*h - n, 0 = 4*h - 4*n + 412. Let s = -66 - h. What is the units digit of s?
3
Let j(w) = 5263*w**2 + 66*w - 130. What is the ten thousands digit of j(2)?
2
Let x be 15681/(-21) + (3 - 138/42). What is the units digit of 4*-1 - -4*x/(-36)?
9
Let y(l) = 2894*l + 533. What is the units digit of y(4)?
9
Let c be (-3)/(-7) - 16/(-28). Suppose g + 0 - c = -3*y, 4 = -2*g - 4*y. What is the units digit of 4935/60 + 2/g?
2
Let s = 82 + -68. Suppose 4*u - 2 = s. What is the tens digit of ((-66)/(-18) - u) + (-43)/(-3)?
1
Suppose 0 = 4*a - 12*a + 848. Let t = a - 25. What is the units digit of t?
1
Suppose -3*z - 253*w = -250*w - 79194, -z + 5*w = -26422. What is the ten thousands digit of z?
2
Let a be -14*(-8 + 5 - (-14)/4). Let y be (-2 - (0 - -1))*(-12 - a). What is the units digit of (-2 - 12)/((-10)/y)?
1
Let f(i) = -2*i**2 + 6*i - 8. Let m be f(4). What is the units digit of 2885/3 - -1*m/24?
1
Let s = -723 + 724. What is the units digit of (208/20)/(692/(-700) + s)?
0
Suppose 18 = 3*k + s - 219, 0 = 4*k + 3*s - 311. Suppose k = 4*a - 4*f, -a - 74 = -5*a + f. What is the tens digit of -16 + a - 78/(-1)?
8
Suppose -5*r = 5*y - 3435, 2*r - 858 = -3*y + 1203. Let c = y + 33. What is the hundreds digit of c?
7
Let z = 23911 - 3692. What is the tens digit of z?
1
Let c(i) = 5*i**3 - 10*i**2 + 5. Let d(p) = p**3 - p**2 + 1. Let j(b) = -c(b) + 4*d(b). Let h be -2 + -3 - (2 + -11). What is the tens digit of j(h)?
3
Let w = 384 - 1189. Let f = -481 - w. What is the hundreds digit of f?
3
What is the units digit of (-15012)/((-14)/7) + -16 + 9?
9
Suppose 0*b - 5*b = 30. Let v be (-268)/(50/30 + 4/b). Let j = -118 - v. What is the units digit of j?
0
Suppose 5*b - 4*y - 308 = 0, -2*b + 234 = 2*b + 3*y. Let z = 62 - b. Suppose -28 = -z*a + 102. What is the tens digit of a?
6
Let s(g) be the first derivative of 13*g**3/6 - 15*g**2 - 2*g - 18. Let z(o) be the first derivative of s(o). What is the tens digit of z(7)?
6
Suppose -5*n + 7*n - 70 = 0. Let b = 39 - n. Suppose -5*t + b*c + 240 = -0*c, -5*c + 144 = 3*t. What is the tens digit of t?
4
Suppose -7*g + 2856 = -4*g. Suppose 8*z = 3480 - g. What is the tens digit of z?
1
Suppose 232324 = -5*s + 10*s + 3*h, -5*h = -3*s + 139374. What is the tens digit of s?
6
Let v(m) be the first derivative of 29*m**4/2 + m**2/2 + 1. Suppose -65*t + 31*t + 100 = 66*t. What is the units digit of v(t)?
9
Let n be ((-3)/(-6) - 2)*(-16 - -10). Let y(t) = 28*t**2 - 4*t + 4. Let v be y(-4). Suppose n*r = 3*r + v. What is the tens digit of r?
7
What is the thousands di